{"id":32762,"date":"2025-07-07T17:08:15","date_gmt":"2025-07-07T16:08:15","guid":{"rendered":"https:\/\/alfarrabistacaldeira.com\/?post_type=product&#038;p=32762"},"modified":"2025-07-07T17:08:15","modified_gmt":"2025-07-07T16:08:15","slug":"oliveira-salazar-teotonio-pereira-correspondencia-politica-1945-1968-joao-miguel-almeida","status":"publish","type":"product","link":"https:\/\/alfarrabistacaldeira.com\/produto\/oliveira-salazar-teotonio-pereira-correspondencia-politica-1945-1968-joao-miguel-almeida\/","title":{"rendered":"OLIVEIRA SALAZAR TEOT\u00d3NIO PEREIRA CORRESPOND\u00caNCIA POLITICA 1945-1968 JO\u00c3O MIGUEL ALMEIDA"},"content":{"rendered":"<div id=\"detalheBiografia\" class=\"detalhePesquisaInfo\"><span id=\"ctl00_ctl41_g_fe751f36_df83_4e00_af72_fb6d7f868795_ctl00_lblDetalheBiografia\" class=\"detalheTexto\">Licenciado em Matem\u00e1tica pela Faculdade de Ci\u00eancias da Universidade de Lisboa. Era amigo e companheiro de Marcelo Caetano e simpatizante do Integralismo na parte final da Rep\u00fablica. Defendeu ent\u00e3o uma teoria da ac\u00e7\u00e3o social do Estado, que \u00e9 uma mistura das doutrinas integralistas, da doutrina social da Igreja e do corporativismo da It\u00e1lia de Mussolini. Torna-se um dos principais te\u00f3ricos da doutrina corporativa do Estado Novo, juntamente com Marcelo Caetano. A este tema dedica as suas publica\u00e7\u00f5es iniciais, onde re\u00fane discursos e textos de forma\u00e7\u00e3o, amplamente divulgados como forma de propaganda e doutrina\u00e7\u00e3o. \u00c9 o caso dos livros:\u00a0<i>As Ideias do Estado Novo: Corpora\u00e7\u00f5es e Previd\u00eancia Social<\/i>\u00a0(Lisboa, 1933);\u00a0<i>As Entidades Patronais na Organiza\u00e7\u00e3o Corporativa<\/i>\u00a0(Secretariado de Estado das Corpora\u00e7\u00f5es e Previd\u00eancia Social, Lisboa, 1934);\u00a0<i>A Batalha do Futuro: Organiza\u00e7\u00e3o Corporativa<\/i>\u00a0(Lisboa, 1937).<\/p>\n<p>Ser\u00e1 o primeiro Subsecret\u00e1rio de Estado das Corpora\u00e7\u00f5es e Previd\u00eancia Social, quando o cargo \u00e9 criado, em 1933. Em 1936\/37 \u00e9 nomeado Ministro do Com\u00e9rcio e Ind\u00fastria. Abandona o executivo quando Salazar precisa de um homem de total confian\u00e7a pol\u00edtica para acompanhar os acontecimentos em Espanha, mergulhada na guerra civil. \u00c9 nomeado, em 1937, representante junto do Governo franquista em Salamanca e Burgos e, mais tarde, embaixador de Portugal no pa\u00eds vizinho. Fica em Madrid at\u00e9 1945. \u00c9 um dos principais consultores de Salazar sobre as rela\u00e7\u00f5es com a Espanha e os problemas mais gerais de pol\u00edtica externa durante a 2\u00aa. Guerra Mundial. Esta actividade origina uma abundante e muito interessante correspond\u00eancia \u2013 parcialmente publicada no\u00a0<i>Livro Branco<\/i>\u00a0e em colect\u00e2neas \u2013, onde Pedro Teot\u00f3nio Pereira se revela um observador atento e l\u00facido da sociedade espanhola e partilha em todos os pontos essenciais as teses de Oliveira Salazar sobre a orienta\u00e7\u00e3o da pol\u00edtica externa. \u00c9 um dos grandes defensores da import\u00e2ncia da Espanha na pol\u00edtica portuguesa e um cr\u00edtico das posi\u00e7\u00f5es de Armindo Monteiro.<\/p>\n<p>Em 1945, \u00e9 colocado como embaixador no Brasil, mas a sua estada no Rio \u00e9 curta. Em 1947, Salazar passa-o para Washington, devido \u00e0 import\u00e2ncia das rela\u00e7\u00f5es com os EUA quando da forma\u00e7\u00e3o da NATO. Defensor da ades\u00e3o de Portugal \u00e0 NATO como membro fundador, Pedro Teot\u00f3nio Pereira ajuda a melhorar as rela\u00e7\u00f5es entre os dois pa\u00edses, continuando a manter uma correspond\u00eancia directa com Salazar, que passa por cima do Ministro Caeiro da Matta, relutante em rela\u00e7\u00e3o \u00e0 ades\u00e3o. Ser\u00e1 depois colocado como embaixador em Londres (1953-58).<\/p>\n<p>A crise provocada pelas elei\u00e7\u00f5es de 1958, com o afastamento de Marcelo Caetano, faz com que Teot\u00f3nio Pereira seja chamado a assumir a pasta da Presid\u00eancia. \u00c9 ent\u00e3o normalmente considerado um candidato \u00e0 sucess\u00e3o de Salazar, numa fun\u00e7\u00e3o de ponte e elo de liga\u00e7\u00e3o entre as duas principais alas do regime, defendendo posi\u00e7\u00f5es moderadamente liberalizadoras. Mant\u00e9m esse cargo at\u00e9 1961, quando apoia Salazar na crise marcada pelo come\u00e7o da luta armada em Angola. As dificuldades que ent\u00e3o se levantam nas rela\u00e7\u00f5es com os EUA, onde o Presidente Kennedy chama a aten\u00e7\u00e3o para os erros da pol\u00edtica africana portuguesa, levam a que seja nomeado pela segunda vez embaixador em Washington (1961-63). Pedro Teot\u00f3nio Pereira ajuda a melhorar as rela\u00e7\u00f5es entre os dois pa\u00edses, com uma pol\u00edtica h\u00e1bil e pouco ortodoxa, que contribui para que os EUA moderem a oposi\u00e7\u00e3o inicial \u00e0 pol\u00edtica portuguesa para \u00c1frica. A sua miss\u00e3o \u00e9 prematuramente interrompida pelas primeiras manifesta\u00e7\u00f5es da longa doen\u00e7a que o acabaria por vitimar, diagnosticada nos EUA.<\/p>\n<p>De regresso a Lisboa, afasta-se da vida pol\u00edtica e \u00e9 nomeado administrador da Funda\u00e7\u00e3o Gulbenkian. Come\u00e7a ent\u00e3o a redigir as\u00a0<i>Mem\u00f3rias<\/i>, mas a doen\u00e7a que lhe vai quebrando a resist\u00eancia s\u00f3 o deixa publicar dois volumes. \u00c9 j\u00e1 patente no segundo a gradual perda das not\u00e1veis capacidades intelectuais.<\/span><\/div>\n<div id=\"detalheAutorBiografia\" class=\"detalhePesquisaInfo\"><span id=\"ctl00_ctl41_g_fe751f36_df83_4e00_af72_fb6d7f868795_ctl00_lblAutorBiografia\" class=\"detalheTexto\">in Dicion\u00e1rio Cronol\u00f3gico de Autores Portugueses, Vol. IV, Lisboa, 1997<\/span><\/div>\n","protected":false},"excerpt":{"rendered":"<p><strong>autores<\/strong> JO\u00c3O MIGUEL ALMEIDA \u00a0<strong>publica\u00e7\u00e3o<\/strong> Temas &amp; debates 2008 <strong>descri\u00e7\u00e3o f\u00edsica<\/strong> 764 &#8211;\u00a0 <strong>P\u00c1GINAS<\/strong> ilustrado com fotografias a negro\u00a0 <strong>Brochura<\/strong><\/p>\n","protected":false},"featured_media":32763,"comment_status":"open","ping_status":"closed","template":"","meta":{"advanced_seo_description":"","jetpack_seo_html_title":"","jetpack_seo_noindex":false,"jetpack_post_was_ever_published":false,"jetpack_publicize_message":"","jetpack_publicize_feature_enabled":true,"jetpack_social_post_already_shared":true,"jetpack_social_options":{"image_generator_settings":{"template":"highway","default_image_id":0,"font":"","enabled":false},"version":2},"_wpas_customize_per_network":false},"product_brand":[],"product_cat":[1574,1513,1571,1528],"product_tag":[],"class_list":{"0":"post-32762","1":"product","2":"type-product","3":"status-publish","4":"has-post-thumbnail","6":"product_cat-estado-novo","7":"product_cat-literatura-portuguesa","8":"product_cat-memorias","9":"product_cat-politica","11":"first","12":"instock","13":"shipping-taxable","14":"purchasable","15":"product-type-simple"},"jetpack_publicize_connections":[],"jetpack_likes_enabled":true,"jetpack_sharing_enabled":true,"jetpack-related-posts":[{"id":17557,"url":"https:\/\/alfarrabistacaldeira.com\/produto\/carta-aberta-a-mario-soares-ruben-sottomayor\/","url_meta":{"origin":32762,"position":0},"title":"CARTA ABERTA A M\u00c1RIO SOARES RUBEN SOTTOMAYOR","author":"Alfarrabista Caldeira","date":"Maio 6, 2024","format":false,"excerpt":"autoresRUBEN SOTTOMAYORpublica\u00e7\u00e3oEDITORIAL J.CASTELO BRANCO LISBOA 1970descri\u00e7\u00e3o f\u00edsica23 - P\u00c1GINAScr\u00edticas \u00e0 posi\u00e7\u00e3o de M\u00e1rio Soares, ent\u00e3o um dos lideres da oposi\u00e7\u00e3o ao regime do Estado Novo de Marcelo Caetano e dirigente do Partido socialista fundado na Rep\u00fablica Federal da AlemanhaCAPA MOLE","rel":"","context":"Similar post","block_context":{"text":"Similar post","link":""},"img":{"alt_text":"","src":"https:\/\/i0.wp.com\/alfarrabistacaldeira.com\/wp-content\/uploads\/2024\/05\/20240506_172709-rotated.jpg?fit=900%2C1200&ssl=1&resize=350%2C200","width":350,"height":200,"srcset":"https:\/\/i0.wp.com\/alfarrabistacaldeira.com\/wp-content\/uploads\/2024\/05\/20240506_172709-rotated.jpg?fit=900%2C1200&ssl=1&resize=350%2C200 1x, https:\/\/i0.wp.com\/alfarrabistacaldeira.com\/wp-content\/uploads\/2024\/05\/20240506_172709-rotated.jpg?fit=900%2C1200&ssl=1&resize=525%2C300 1.5x, https:\/\/i0.wp.com\/alfarrabistacaldeira.com\/wp-content\/uploads\/2024\/05\/20240506_172709-rotated.jpg?fit=900%2C1200&ssl=1&resize=700%2C400 2x"},"classes":[]},{"id":15300,"url":"https:\/\/alfarrabistacaldeira.com\/produto\/a-marcelo-caetano-augusto-dias\/","url_meta":{"origin":32762,"position":1},"title":"A MARCELO CAETANO AUGUSTO DIAS","author":"Alfarrabista Caldeira","date":"Mar\u00e7o 27, 2024","format":false,"excerpt":"autoresAUGUSTO DIASpublica\u00e7\u00e3oEDI\u00c7\u00d5ES BEIRA E DOURO 1971descri\u00e7\u00e3o f\u00edsica48 \u2013 P\u00c1GINASos que desistem de lutar s\u00e3o indignos de viver (salazar)CAPA MOLE","rel":"","context":"Similar post","block_context":{"text":"Similar post","link":""},"img":{"alt_text":"","src":"https:\/\/i0.wp.com\/alfarrabistacaldeira.com\/wp-content\/uploads\/2024\/03\/20240326_213152-rotated.jpg?fit=900%2C1200&ssl=1&resize=350%2C200","width":350,"height":200,"srcset":"https:\/\/i0.wp.com\/alfarrabistacaldeira.com\/wp-content\/uploads\/2024\/03\/20240326_213152-rotated.jpg?fit=900%2C1200&ssl=1&resize=350%2C200 1x, https:\/\/i0.wp.com\/alfarrabistacaldeira.com\/wp-content\/uploads\/2024\/03\/20240326_213152-rotated.jpg?fit=900%2C1200&ssl=1&resize=525%2C300 1.5x, https:\/\/i0.wp.com\/alfarrabistacaldeira.com\/wp-content\/uploads\/2024\/03\/20240326_213152-rotated.jpg?fit=900%2C1200&ssl=1&resize=700%2C400 2x"},"classes":[]},{"id":35093,"url":"https:\/\/alfarrabistacaldeira.com\/produto\/caminho-dificil-do-salazarinho-ao-caetanismo-mario-soares\/","url_meta":{"origin":32762,"position":2},"title":"CAMINHO DIFICIL DO SALAZARISMO AO CAETANISMO M\u00c1RIO SOARES","author":"Alfarrabista Caldeira","date":"Setembro 26, 2025","format":false,"excerpt":"AUTORES :\u00a0M\u00e1rio soares\u00a0PUBLICA\u00c7\u00c3O:\u00a0lidador rio de janeiro 1973 DESCRI\u00c7\u00c3O FISICA:\u00a0 247 \u2013\u00a0 P\u00c1GINAS no ex\u00edlio , antes da elei\u00e7\u00f4es de 1969 e durante as elei\u00e7\u00f4es de 1969\u00a0BROCHURA.","rel":"","context":"Similar post","block_context":{"text":"Similar post","link":""},"img":{"alt_text":"","src":"https:\/\/i0.wp.com\/alfarrabistacaldeira.com\/wp-content\/uploads\/2025\/09\/20250926_141502.jpg?fit=1200%2C900&ssl=1&resize=350%2C200","width":350,"height":200,"srcset":"https:\/\/i0.wp.com\/alfarrabistacaldeira.com\/wp-content\/uploads\/2025\/09\/20250926_141502.jpg?fit=1200%2C900&ssl=1&resize=350%2C200 1x, https:\/\/i0.wp.com\/alfarrabistacaldeira.com\/wp-content\/uploads\/2025\/09\/20250926_141502.jpg?fit=1200%2C900&ssl=1&resize=525%2C300 1.5x, https:\/\/i0.wp.com\/alfarrabistacaldeira.com\/wp-content\/uploads\/2025\/09\/20250926_141502.jpg?fit=1200%2C900&ssl=1&resize=700%2C400 2x, https:\/\/i0.wp.com\/alfarrabistacaldeira.com\/wp-content\/uploads\/2025\/09\/20250926_141502.jpg?fit=1200%2C900&ssl=1&resize=1050%2C600 3x"},"classes":[]},{"id":14610,"url":"https:\/\/alfarrabistacaldeira.com\/produto\/correspondencia-de-pedro-teotonio-pereira-para-oliveira-salazar\/","url_meta":{"origin":32762,"position":3},"title":"CORRESPOND\u00caNCIA DE PEDRO TEOT\u00d3NIO PEREIRA PARA OLIVEIRA SALAZAR","author":"Alfarrabista Caldeira","date":"Mar\u00e7o 18, 2024","format":false,"excerpt":"autoresPEDRO TEOT\u00d3NIO PEREIRApublica\u00e7\u00e3oMIRA SINTRA 1987 \/ 1981descri\u00e7\u00e3o f\u00edsica282 - 582 - 335 - 782 P\u00c1GINAS ILUSTRADO 4 VOLUMES COMPLETOcorrespond\u00eancia ao longo de 23 anos da sua carreia politica e diplom\u00e1tica CAPA MOLE","rel":"","context":"Similar post","block_context":{"text":"Similar post","link":""},"img":{"alt_text":"","src":"https:\/\/i0.wp.com\/alfarrabistacaldeira.com\/wp-content\/uploads\/2024\/03\/20240318_191231-rotated.jpg?fit=900%2C1200&ssl=1&resize=350%2C200","width":350,"height":200,"srcset":"https:\/\/i0.wp.com\/alfarrabistacaldeira.com\/wp-content\/uploads\/2024\/03\/20240318_191231-rotated.jpg?fit=900%2C1200&ssl=1&resize=350%2C200 1x, https:\/\/i0.wp.com\/alfarrabistacaldeira.com\/wp-content\/uploads\/2024\/03\/20240318_191231-rotated.jpg?fit=900%2C1200&ssl=1&resize=525%2C300 1.5x, https:\/\/i0.wp.com\/alfarrabistacaldeira.com\/wp-content\/uploads\/2024\/03\/20240318_191231-rotated.jpg?fit=900%2C1200&ssl=1&resize=700%2C400 2x"},"classes":[]},{"id":14795,"url":"https:\/\/alfarrabistacaldeira.com\/produto\/nas-vesperas-do-estado-novo-alfredo-pimenta\/","url_meta":{"origin":32762,"position":4},"title":"NAS V\u00c9SPERAS DO ESTADO NOVO ALFREDO PIMENTA","author":"Alfarrabista Caldeira","date":"Mar\u00e7o 20, 2024","format":false,"excerpt":"autoresALFREDO PIMENTApublica\u00e7\u00e3oNOVA ARRANCADA 1998descri\u00e7\u00e3o f\u00edsica121 \u2013 P\u00c1GINASCAPA MOLE","rel":"","context":"Similar post","block_context":{"text":"Similar post","link":""},"img":{"alt_text":"","src":"https:\/\/i0.wp.com\/alfarrabistacaldeira.com\/wp-content\/uploads\/2024\/03\/20240318_193438-rotated.jpg?fit=900%2C1200&ssl=1&resize=350%2C200","width":350,"height":200,"srcset":"https:\/\/i0.wp.com\/alfarrabistacaldeira.com\/wp-content\/uploads\/2024\/03\/20240318_193438-rotated.jpg?fit=900%2C1200&ssl=1&resize=350%2C200 1x, https:\/\/i0.wp.com\/alfarrabistacaldeira.com\/wp-content\/uploads\/2024\/03\/20240318_193438-rotated.jpg?fit=900%2C1200&ssl=1&resize=525%2C300 1.5x, https:\/\/i0.wp.com\/alfarrabistacaldeira.com\/wp-content\/uploads\/2024\/03\/20240318_193438-rotated.jpg?fit=900%2C1200&ssl=1&resize=700%2C400 2x"},"classes":[]},{"id":31622,"url":"https:\/\/alfarrabistacaldeira.com\/produto\/as-fontes-de-duarte-pacheco-pereira-no-esmeraldo-de-situ-orbis-joaquim-barradas-de-carvalho\/","url_meta":{"origin":32762,"position":5},"title":"AS FONTES DE DUARTE PACHECO PEREIRA NO ESMERALDO DE SITU ORBIS JOAQUIM BARRADAS DE CARVALHO","author":"Alfarrabista Caldeira","date":"Maio 9, 2025","format":false,"excerpt":"autores JOAQUIM BARRADAS DE CARVALHO \u00a0publica\u00e7\u00e3o INCM 1982 descri\u00e7\u00e3o f\u00edsica 201\u00a0-\u00a0 P\u00c1GINAS\u00a0 contem mapa desdobr\u00e1vel\u00a0 brochura\u00a0","rel":"","context":"Similar post","block_context":{"text":"Similar post","link":""},"img":{"alt_text":"","src":"https:\/\/i0.wp.com\/alfarrabistacaldeira.com\/wp-content\/uploads\/2025\/05\/20250509_144510.jpg?fit=900%2C1200&ssl=1&resize=350%2C200","width":350,"height":200,"srcset":"https:\/\/i0.wp.com\/alfarrabistacaldeira.com\/wp-content\/uploads\/2025\/05\/20250509_144510.jpg?fit=900%2C1200&ssl=1&resize=350%2C200 1x, https:\/\/i0.wp.com\/alfarrabistacaldeira.com\/wp-content\/uploads\/2025\/05\/20250509_144510.jpg?fit=900%2C1200&ssl=1&resize=525%2C300 1.5x, https:\/\/i0.wp.com\/alfarrabistacaldeira.com\/wp-content\/uploads\/2025\/05\/20250509_144510.jpg?fit=900%2C1200&ssl=1&resize=700%2C400 2x"},"classes":[]}],"_links":{"self":[{"href":"https:\/\/alfarrabistacaldeira.com\/wp-json\/wp\/v2\/product\/32762","targetHints":{"allow":["GET"]}}],"collection":[{"href":"https:\/\/alfarrabistacaldeira.com\/wp-json\/wp\/v2\/product"}],"about":[{"href":"https:\/\/alfarrabistacaldeira.com\/wp-json\/wp\/v2\/types\/product"}],"replies":[{"embeddable":true,"href":"https:\/\/alfarrabistacaldeira.com\/wp-json\/wp\/v2\/comments?post=32762"}],"version-history":[{"count":2,"href":"https:\/\/alfarrabistacaldeira.com\/wp-json\/wp\/v2\/product\/32762\/revisions"}],"predecessor-version":[{"id":32770,"href":"https:\/\/alfarrabistacaldeira.com\/wp-json\/wp\/v2\/product\/32762\/revisions\/32770"}],"wp:featuredmedia":[{"embeddable":true,"href":"https:\/\/alfarrabistacaldeira.com\/wp-json\/wp\/v2\/media\/32763"}],"wp:attachment":[{"href":"https:\/\/alfarrabistacaldeira.com\/wp-json\/wp\/v2\/media?parent=32762"}],"wp:term":[{"taxonomy":"product_brand","embeddable":true,"href":"https:\/\/alfarrabistacaldeira.com\/wp-json\/wp\/v2\/product_brand?post=32762"},{"taxonomy":"product_cat","embeddable":true,"href":"https:\/\/alfarrabistacaldeira.com\/wp-json\/wp\/v2\/product_cat?post=32762"},{"taxonomy":"product_tag","embeddable":true,"href":"https:\/\/alfarrabistacaldeira.com\/wp-json\/wp\/v2\/product_tag?post=32762"}],"curies":[{"name":"wp","href":"https:\/\/api.w.org\/{rel}","templated":true}]}}